969?
-120875
In base 8, what is -535644172 + 3?
-535644167
In base 2, what is -101000110001101 - -11100001000?
-100101010000101
In base 9, what is -2401727420 + 1?
-2401727418
In base 14, what is 4bc47c0 - -25?
4bc4805
In base 5, what is 2022020420 + 44?
2022021014
In base 13, what is -9711b6 + 73?
-971143
In base 16, what is -8289600 - -2?
-82895fe
In base 7, what is 0 + -4260463601?
-4260463601
In base 12, what is 102b8 + -8a32?
3486
In base 11, what is 4 - 772080a?
-7720806
In base 8, what is -100 - -3550552?
3550452
In base 2, what is -111011111101000010011100 - 1?
-111011111101000010011101
In base 16, what is 1d3 + -121d?
-104a
In base 4, what is 230123311233012 - 3?
230123311233003
In base 9, what is -157747424 - -4?
-157747420
In base 9, what is -64535060 + -5?
-64535065
In base 14, what is b + -3bc0214?
-3bc0207
In base 4, what is -11333110330123 + -10?
-11333110330133
In base 15, what is -12e - 28251?
-28380
In base 9, what is -35 - 778644?
-778680
In base 16, what is -124b48 - e?
-124b56
In base 3, what is -211121 - 10202102011?
-10210020202
In base 10, what is -6 + -1498968?
-1498974
In base 6, what is -2 + -111043144?
-111043150
In base 9, what is 87257 + 2207?
100465
In base 7, what is 11340503 - -361?
11341164
In base 6, what is -1 - 5111333555?
-5111334000
In base 16, what is 2edc2c - -23?
2edc4f
In base 4, what is 12002121021110 + 0?
12002121021110
In base 4, what is 3133011 - -1212?
3200223
In base 4, what is -21312 - 1022311112?
-1022333030
In base 2, what is -10011100000 + -1100000011111100?
-1100010111011100
In base 13, what is 330 + 3a53?
4083
In base 14, what is 5 - ac9577?
-ac9572
In base 8, what is 2633 + 5615?
10450
In base 12, what is 124 - 135b5?
-13491
In base 9, what is -1352 - -38561?
37208
In base 16, what is 48ebf + 1b8?
49077
In base 9, what is 218331 + -208?
218122
In base 5, what is 14 - 1024110220?
-1024110201
In base 12, what is 5 - -10a7881a?
10a78823
In base 2, what is 11000111111 + -10101010011100110?
-10100111010100111
In base 5, what is -4 + 13410042322?
13410042313
In base 14, what is 9b57dc - -1?
9b57dd
In base 3, what is 0 + 21201010011210012?
21201010011210012
In base 13, what is 1 + 6279195?
6279196
In base 10, what is -4 - 2961979?
-2961983
In base 12, what is -3 - 10a8654?
-10a8657
In base 12, what is -3 + -6014349?
-6014350
In base 6, what is 23142304330 - 1?
23142304325
In base 7, what is 2126 + -3654?
-1525
In base 11, what is -23a0 - 20671?
-22a61
In base 12, what is -9113 + 2142?
-6b91
In base 12, what is 275698 + 258?
275934
In base 11, what is -183838 + 29?
-18380a
In base 6, what is -22 - 1342455?
-1342521
In base 11, what is 2492 + 3013?
54a5
In base 2, what is -1110001111010010101 - -1000001?
-1110001111001010100
In base 7, what is 4614 + 26636?
34553
In base 6, what is -32300 + 212013?
135313
In base 9, what is -22882 + 113?
-22768
In base 11, what is 10 - -272685?
272695
In base 16, what is -73bc7 - 9?
-73bd0
In base 13, what is 9 - -502011?
50201a
In base 14, what is 65263cb + -3?
65263c8
In base 8, what is 575 - -14202?
14777
In base 9, what is 3 - 3777043?
-3777040
In base 9, what is 3 + 28632844?
28632847
In base 8, what is 4 + 361332664?
361332670
In base 13, what is -c4a + 6b?
-bac
In base 10, what is 1 - -1743094?
1743095
In base 9, what is -12741140 + -41?
-12741181
In base 8, what is 2 + -10765577?
-10765575
In base 8, what is 62 - -167021?
167103
In base 4, what is -1222213233122120 + 10?
-1222213233122110
In base 5, what is 31 - -1012303004?
1012303040
In base 10, what is -1 - -156824495?
156824494
In base 7, what is 40 + 105643360?
105643430
In base 14, what is -1 - 11d8945?
-11d8946
In base 6, what is -3532 + 15524?
11552
In base 12, what is 4 + 10b9012?
10b9016
In base 7, what is -10325 + 6316?
-1006
In base 11, what is -1a5 - -2a1514?
2a131a
In base 5, what is 30 + -11114443023?
-11114442443
In base 15, what is 3 - -823b82?
823b85
In base 13, what is 829b8 - -83?
82a6b
In base 15, what is 1 - -14e71319?
14e7131a
In base 8, what is -317 - 1652626?
-1653145
In base 13, what is -4a - 1282c3?
-128340
In base 6, what is 11 + -4500052?
-4500041
In base 12, what is 686a48 + -29?
686a1b
In base 11, what is 87759 - 10?
87749
In base 6, what is 4 + 5250012351?
5250012355
In base 10, what is 2 - 1059701?
-1059699
In base 4, what is 2 + 113323222?
113323230
In base 3, what is -1201202011110 + -120?
-1201202012000
In base 3, what is -10012 + 201112000122?
201111220110
In base 10, what is 636 + -388756?
-388120
In base 15, what is 580492 + 7?
580499
In base 16, what is 2614 + -22a6?
36e
In base 5, what is -4 + 33344334320?
33344334311
In base 12, what is -3569baa + 2?
-3569ba8
In base 15, what is 64ecc1 + -10?
64ecb1
In base 6, what is 4410012 + 215?
4410231
In base 14, what is 40 + -607bab?
-607b6b
In base 15, what is -6cd - -2285b?
2217d
In base 16, what is -38f0 + e66?
-2a8a
In base 8, what is -214737346 - -2?
-214737344
In base 3, what is 11102 + -101202000000?
-101201211121
In base 2, what is 101001 - -1111001100001011100?
1111001100010000101
In base 16, what is -1d13 + -15a?
-1e6d
In base 4, what is 31220222 - -23?
31220311
In base 4, what is 22132101 - 2302?
22123133
In base 12, what is 2a70300 + -37?
2a70285
In base 3, what is 21201021011021 - 10?
21201021011011
In base 10, what is 121125 + 1702?
122827
In base 2, what is -110011 - 10100101110010101101?
-10100101110011100000
In base 7, what is 13556 - 163046?
-146160
In base 3, what is -12102020121 + 11010?
-12102002111
In base 10, what is 27 - -2862628?
2862655
In base 6, what is -3324535554 + 1?
-3324535553
In base 2, what is 11111011000111000000 + -1110?
11111011000110110010
In base 16, what is -b + 7a647c?
7a6471
In base 7, what is 231234 - 2234?
226000
In base 6, what is 23144554034 + 1?
23144554035
In base 10, what is -4 - 3641333?
-3641337
In base 9, what is 18587 - -1571?
21268
In base 8, what is 432 - -164711?
165343
In base 14, what is -c66899 - 2?
-c6689b
In base 8, what is -1163 - 1133356?
-1134541
In base 3, what is -1111102 - -10112220?
2001111
In base 13, what is -a13574 - -22c?
-a13345
In base 3, what is -22010210 + -1001020?
-100012000
In base 11, what is 28 + a43506?
a43533
In base 15, what is 166c915e - -3?
166c9162
In base 6, what is -2525232424 - -2?
-2525232422
In base 13, what is -27 + 40614ac?
4061485
In base 5, what is 43433322 - 2?
43433320
In base 2, what is 11110011100 - 11000000?
11011011100
In base 14, what is 67 - a31076?
-a3100d
In base 8, what is -15 - 5466452?
-5466467
In base 15, what is a25 + -353d?
-2a18
In base 7, what is -1363533401 + -4?
-1363533405
In base 3, what is -2 - -112102012110111?
112102012110102
In base 16, what is -410a + -c65?
-4d6f
In base 9, what is -2561 - -47321?
44650
In base 6, what is -253135255 + 30?
-253135225
In base 12, what is -172626 - -15?
-172611
In base 14, what is -99 - -1ba2d?
1b974
In base 15, what is -392 + 145e3?
14251
In base 7, what is -10 + 22256406?
22256366
In base 6, what is -535 - -110114?
105135
In base 6, what is 1523122413 - 10?
1523122403
In base 3, what is -1012202021020 + -1012?
-1012202022102
In base 11, what is 364 - -71803?
72067
In base 12, what is 2611bb - -175?
261374
In base 4, what is 2 + -21211031101?
-21211031033
In base 16, what is -67 + 4b66?
4aff
In base 9, what is -113 + 1058613?
1058500
In base 2, what is -101011010110000001110110 - 0?
-101011010110000001110110
In base 11, what is 1265 - -6701?
7966
In base 2, what is 100011110011000101000 + 11111?
100011110011001000111
In base 8, what is -2473 - 30533?
-33226
In base 9, what is 15027287 - -4?
15027302
In base 13, what is -3287 + -1135?
-43bc
In base 9, what is 201 + 110108?
110310
In base 13, what is -71615 - -50?
-71595
In base 12, what is 3a2 - 2629?
-2247
In base 4, what is 1021113012001 + -3?
1021113011332
In base 9, what is 0 + 7821860?
7821860
In base 11, what is 15 + -9954779?
-9954764
In base 3, what is -100100022221101 - 102?
-100100022221210
In base 6, what is 511 + 50452?
51403
In base 13, what is 3b + -29094?
-29056
In base 12, what is -2053 - 5242?
-7295
In base 13, what is 2 - 417b3a8?
-417b3a6
In base 4, what is -1 - -2113123121331?
2113123121330
In base 2, what is 110111 + -111110111000000110?
-111110110111001111
In base 13, what is 675230 + -2?
67522b
